+ 3*u + 5688. What is the greatest common divisor of p and 61?
61
Suppose 3*m - 5*d - 84 - 20 = 0, -d = 4*m - 108. Let q be ((-9)/(-21)*2)/(2/m). What is the highest common divisor of 60 and q?
12
Let d = -1032 - -1068. What is the highest common divisor of d and 486?
18
Let n be 1 + (-620)/(-4 - 0). Calculate the highest common factor of n and 104.
52
Suppose 3*i - 3*l - 12 = 0, 2*l = 4*l. Suppose 328 = 2*b + 5*k, i*b - 2*k - 2*k - 600 = 0. Let t = 5536 - 5514. What is the greatest common factor of b and t?
22
Let b = -242 + 122. Let p = b - -136. What is the highest common factor of 16 and p?
16
Let l(b) = -3*b**2 + 70*b + 18. Let q be l(23). Suppose -k - 57 + 139 = 0. What is the highest common divisor of q and k?
41
Let p = 0 + 8. Suppose p + 17 = v + 5*w, v + 2*w - 10 = 0. Let u be (12 - v)/(15/10). What is the greatest common factor of u and 40?
8
Let j(y) = 6*y**3 - 2*y**2 + y. Let r be j(2). What is the highest common divisor of 35 and r?
7
Let w(o) = -o**3 - 19*o**2 - 20*o + 12. Let u be w(-18). Calculate the highest common divisor of u and 304.
16
Let z be 0 - (1 + 1) - (-14)/2. Suppose z*u = 667 - 7. Calculate the highest common divisor of u and 33.
33
Let p be ((-18)/(-5))/(152/4180). Calculate the greatest common factor of 22 and p.
11
Let n be ((2926/8)/(-11))/(2/(-16)). What is the highest common divisor of 28 and n?
14
Let l be -2 - (-1 - (-30)/(-5)). Calculate the highest common divisor of l and 37.
1
Let m be -6 + 2 + 2*-23. Let u = m + 165. Calculate the greatest common divisor of u and 46.
23
Suppose 5*s + 5 = 165. Suppose 4*l = s + 24. Calculate the greatest common factor of 14 and l.
14
Let w(g) = 13*g - 62. Let z be w(8). Calculate the highest common divisor of 126 and z.
42
Suppose -63 = 123*w - 130*w. Calculate the greatest common divisor of w and 936.
9
Suppose 19*t - 282 - 440 = 0. Calculate the highest common divisor of t and 380.
38
Suppose -11*v = 17*v - 336. Suppose 2*a - 132 = a. Calculate the highest common factor of v and a.
12
Suppose 11*n = 1298 + 165. What is the highest common divisor of n and 19?
19
Let s(r) = 18*r + 131. Let b be s(5). What is the highest common divisor of 17 and b?
17
Suppose -q + 0*h = h - 20, 44 = 2*q + 3*h. What is the greatest common divisor of 388 and q?
4
Let x(t) = 4*t**2 - 9*t + 8. Let l be x(4). Suppose 12 = 26*z - 25*z. What is the highest common factor of l and z?
12
Let r be 1*60*(-700)/(-525). Let y be ((-4)/(-8))/((-1)/(-10)). Calculate the greatest common divisor of y and r.
5
Suppose -124 = -183*v + 179*v. Calculate the greatest common divisor of 62 and v.
31
Suppose 18*s - 10 = 16*s. Suppose 2*h + 2*r = 52, -s*h - r + 4*r = -114. What is the greatest common divisor of 18 and h?
6
Let l(g) = -g - 6*g - g**3 - 17*g**2 - 8 + 0*g**2 + 9*g**2. Let q be l(-6). Let j be 3/2 - (-19)/q. Calculate the greatest common divisor of j and 4.
1
Let d = -41 + 51. Let h be (14/(-8))/(11/44). Let u(k) = k + 17. Let p be u(h). Calculate the highest common factor of d and p.
10
Let k be (-583)/(-4) - 2/(-8). Let i(y) = -y**2 + 4*y + 62. Let o be i(0). Let v = k - o. What is the highest common factor of v and 12?
12
Let z = -66 - -139. Suppose 2*y = -d + 64 - 17, 3*y = -d + z. Calculate the highest common divisor of y and 130.
26
Let w be 6/4*(-192)/(-72). Suppose 2*m = 2*f - m - 27, 3*m = -w*f + 99. Calculate the greatest common divisor of 21 and f.
21
Suppose 4*i + 32 = q, 0 = -14*q + 9*q + i + 217. Calculate the greatest common factor of q and 220.
44
Suppose -5*a = -q - 3*q - 68, -2*a = 3*q - 41. What is the highest common factor of a and 1?
1
Let p be (10 + -4)/(-1 + 3). Suppose m - 48 = -2*f - p*f, -3*m - 3*f = -192. Let x = m - -47. Calculate the highest common divisor of x and 23.
23
Let b be 737/44 - 4/(-16). Calculate the greatest common divisor of b and 17.
17
Let t be 2/((-2)/(-1)) - -9. Let q = 13 - -15. Let d = q + 22. Calculate the highest common divisor of d and t.
10
Let t(k) = 17*k + 19. Let l be t(-6). Let h = l + 93. Calculate the highest common divisor of 15 and h.
5
Let j = -33 + 37. Let s be 15 + ((-16)/j - -1). Calculate the greatest common divisor of 132 and s.
12
Suppose 0 = -5*l + 4*b + 821, 42*l - 38*l - 661 = -b. What is the greatest common divisor of l and 275?
55
Let i = 1006 - 556. What is the highest common factor of 180 and i?
90
Let r be (-6 + 22/3)*57. What is the greatest common factor of r and 133?
19
Suppose -25*m + 225 = -500. Calculate the highest common factor of 754 and m.
29
Let z be (14 + -16)*21/(-6). Calculate the greatest common divisor of z and 287.
7
Suppose 504 = 10*f + 2*f. Calculate the greatest common divisor of f and 567.
21
Let c(b) = -121*b**3 + b**2 + 2*b - 3. Let d be c(1). Let w = d + 201. What is the greatest common factor of w and 10?
10
Let s be 1/(-1) - -17 - 0. Let g(n) = -19*n - 224. Let k be g(-12). What is the greatest common divisor of k and s?
4
Let b(k) = 35*k**2 + k. Let h be b(1). Let g(s) = -s**2 + 17*s - 12. Let r be g(16). What is the greatest common divisor of r and h?
4
Let j(c) = 11*c**2 - 4*c - 3. Let m be j(-3). Let h(v) = 16*v**3 + 4*v**2 - 3*v + 1. Let y be h(1). Calculate the greatest common factor of y and m.
18
Suppose 0 = -33*r + 19*r + 644. What is the highest common divisor of 23 and r?
23
Suppose 0 = -0*n - 3*n + 6, u - 4 = 2*n. Suppose 3*a + 1815 = u*a. Calculate the greatest common divisor of a and 33.
33
Suppose 3*y = -2*p + 42 + 55, -5*p + 2*y = -290. What is the highest common divisor of 1624 and p?
56
Let r(g) = -4*g**2 + 13*g + 14. Let t be r(4). Calculate the greatest common divisor of t and 4.
2
Let r(q) = 2*q**2 - 30*q + 1. Let p be r(16). What is the greatest common divisor of p and 528?
33
Let v be (-156)/(-6) + (-1 - -2). Let m = -9 + v. Suppose 16*c = -11*c + 3888. What is the highest common factor of m and c?
18
Let n = 26 - -156. Calculate the highest common factor of n and 130.
26
Let s be (2 - 3)*1 - 17. Let i be ((-11)/(-22))/((-1)/s). What is the greatest common factor of i and 3?
3
Let f(q) = -q**2 - 9*q + 26. Let u be f(-13). Let t be (-6)/2 - u - (-1)/1. Calculate the highest common divisor of 48 and t.
24
Suppose -4*d - 4*m + 1017 = -27, 2*d - 519 = m. Calculate the highest common divisor of 52 and d.
52
Let i(g) = -88*g - 218. Let t be i(-5). What is the highest common factor of t and 777?
111
Suppose -h + 4*h = -3*m + 21, -4*m + h + 43 = 0. Let f(u) = 20*u**2 + u + 1. Let q be f(-1). What is the highest common divisor of m and q?
10
Suppose 1502*d = 1503*d - 28. Calculate the highest common factor of d and 8.
4
Suppose 14*g - 174 = -15*g. What is the highest common factor of 132 and g?
6
Suppose 2*y - 4 - 4 = 0. Let a be (76/(-57))/(y/(-6)). Suppose -3*b + 70 = 16. What is the highest common factor of a and b?
2
Let z = 359 - 338. What is the greatest common divisor of z and 189?
21
Let b be ((-17)/34)/(1/(-10)). Let l(m) = -m**3 + 3*m**2 - 2*m - 2. Let f be l(2). Let r = f + 7. Calculate the greatest common factor of b and r.
5
Let a = -17 - -20. Let f be a + 1 + 3 + -6. Let v be 3 - -15*f - 3. Calculate the greatest common divisor of v and 15.
15
Let m be (-139)/(-3) - (-50)/30. What is the greatest common factor of 1 and m?
1
Suppose 4*a - 142 + 31 = 3*z, 5*a + 3*z - 105 = 0. What is the greatest common divisor of 36 and a?
12
Let g = 551 - 176. Calculate the highest common factor of g and 30.
15
Let m be 20/40 + (-627)/(-6). Calculate the greatest common factor of m and 245.
35
Let k be 17 + -7 - (0 - 2). Suppose k = 4*x - 36. What is the highest common divisor of 24 and x?
12
Let s be (-2)/((-46)/(-48) + -1). Suppose 2*u - 5 = 7. Let j be (2 - 16/u)*-18. Calculate the highest common divisor of s and j.
12
Let u(s) = 193*s + 5. Let d be u(1). What is the highest common factor of d and 22?
22
Suppose x = 2*d + 21, 3*d + 12 + 3 = 0. What is the highest common divisor of x and 99?
11
Let g(u) = u**2 - 27*u + 312. Let z be g(9). What is the greatest common divisor of z and 175?
25
Let m be 2/6 - 10/(-6). Suppose -t - m*t - f = -71, 5*t - 116 = -4*f. Let b = t + -14. Calculate the greatest common divisor of b and 90.
10
Let c(h) = -h**3 + 9*h**2 - h + 5. Let s be c(9). Suppose 0 = -12*n + 8*n - 256. Let k be s/6 - n/6. What is the highest common factor of 10 and k?
10
Suppo